 multiple of 27?
True
Does 36 divide 93371?
False
Does 284 divide 2101588?
False
Is 106900 a multiple of 25?
True
Is 24 a factor of 404548?
False
Is 244 a factor of 385764?
True
Is 934496 a multiple of 38?
True
Is 167962 a multiple of 241?
False
Is 1396176 a multiple of 118?
True
Is 632610 a multiple of 15?
True
Does 39 divide 5390970?
True
Is 523460 a multiple of 452?
False
Is 450463 a multiple of 53?
False
Is 1218304 a multiple of 32?
True
Is 417 a factor of 1120226?
False
Does 131 divide 107813?
True
Does 6 divide 3010565?
False
Is 30 a factor of 1184700?
True
Does 87 divide 78297?
False
Is 121 a factor of 412610?
True
Is 348 a factor of 305196?
True
Does 15 divide 188985?
True
Is 5 a factor of 1284647?
False
Is 52 a factor of 1175928?
True
Does 4 divide 1612347?
False
Is 6274215 a multiple of 53?
False
Does 9 divide 88569?
True
Is 347130 a multiple of 29?
True
Is 4 a factor of 494328?
True
Does 262 divide 318512?
False
Does 24 divide 68263?
False
Is 9447 a multiple of 5?
False
Is 117030 a multiple of 83?
True
Is 1649812 a multiple of 36?
False
Is 196095 a multiple of 85?
True
Does 53 divide 1470591?
True
Is 42 a factor of 6909?
False
Is 71 a factor of 15194?
True
Does 8 divide 322184?
True
Does 84 divide 124992?
True
Is 5 a factor of 674069?
False
Does 2 divide 25630?
True
Does 211 divide 265577?
False
Is 152 a factor of 192124?
False
Is 256413 a multiple of 288?
False
Does 230 divide 268195?
False
Does 372 divide 110599?
False
Does 74 divide 127537?
False
Does 9 divide 2507734?
False
Is 27 a factor of 15417?
True
Is 70 a factor of 198485?
False
Is 202560 a multiple of 40?
True
Is 39 a factor of 124644?
True
Is 44 a factor of 21569?
False
Is 2575659 a multiple of 619?
True
Is 146 a factor of 32051539?
False
Is 126 a factor of 2756754?
True
Is 393 a multiple of 2?
False
Does 42 divide 323862?
True
Is 49 a factor of 199199?
False
Does 214 divide 1846991?
False
Is 70 a factor of 2963597?
False
Is 720 a factor of 6150240?
True
Does 44 divide 5209153?
False
Is 13 a factor of 75086?
False
Is 2259067 a multiple of 8?
False
Is 988619 a multiple of 270?
False
Is 1053624 a multiple of 13?
True
Does 791 divide 1154069?
True
Does 36 divide 5225616?
True
Does 137 divide 827069?
True
Is 974291 a multiple of 14?
False
Does 9 divide 460257?
False
Is 156260 a multiple of 10?
True
Is 81 a factor of 1453545?
True
Is 21 a factor of 1598079?
True
Is 25 a factor of 3617425?
True
Does 40 divide 4453960?
True
Is 110 a factor of 213899?
False
Does 14 divide 16557?
False
Is 685636 a multiple of 521?
True
Is 45 a factor of 63783?
False
Is 35 a factor of 124460?
True
Is 7 a factor of 286125?
True
Is 2088246 a multiple of 177?
True
Does 513 divide 13338?
True
Does 364 divide 672875?
False
Is 8 a factor of 5106932?
False
Is 6797634 a multiple of 209?
False
Does 266 divide 4102474?
False
Is 1147805 a multiple of 110?
False
Is 942524 a multiple of 11?
True
Is 5 a factor of 930545?
True
Does 92 divide 357255?
False
Is 28 a factor of 4037634?
False
Does 6 divide 67110?
True
Does 337 divide 373579?
False
Does 229 divide 22099?
False
Does 291 divide 74205?
True
Is 32 a factor of 76934?
False
Is 50 a factor of 40650?
True
Does 6 divide 158874?
True
Is 2 a factor of 5045?
False
Is 929388 a multiple of 492?
True
Is 531258 a multiple of 39?
True
Is 103 a factor of 35818?
False
Is 2116840 a multiple of 8?
True
Does 35 divide 9571030?
True
Is 256320 a multiple of 89?
True
Does 8 divide 857945?
False
Is 1527916 a multiple of 52?
True
Is 26 a factor of 27692860?
True
Is 46904 a multiple of 4?
True
Does 14 divide 1627147?
False
Does 23 divide 5706858?
False
Does 69 divide 104017?
False
Does 40 divide 310440?
True
Does 47 divide 155758?
True
Does 59 divide 96914?
False
Is 11 a factor of 3237333?
True
Is 1929932 a multiple of 406?
False
Does 15 divide 1174200?
True
Does 6 divide 2936658?
True
Is 7369252 a multiple of 242?
False
Is 142 a factor of 36552?
False
Is 3433022 a multiple of 58?
False
Is 1243556 a multiple of 12?
False
Is 57 a factor of 10572417?
True
Is 115 a factor of 135930?
True
Does 855 divide 6271240?
False
Does 180 divide 31860?
True
Is 91350 a multiple of 45?
True
Is 222719 a multiple of 68?
False
Does 39 divide 589485?
True
Is 46345 a multiple of 19?
False
Is 644810 a multiple of 99?
False
Is 60 a factor of 7121100?
True
Is 16 a factor of 1257840?
True
Does 24 divide 149783?
False
Does 34 divide 335650?
False
Does 16 divide 282581?
False
Does 9 divide 8193312?
True
Is 15 a factor of 3580665?
True
Does 201 divide 13162486?
False
Is 1270244 a multiple of 134?
False
Is 231 a factor of 24191937?
True
Is 669 a factor of 4327092?
True
Is 2175459 a multiple of 11?
True
Is 250 a factor of 150905?
False
Is 46 a factor of 42182?
True
Is 242 a factor of 539027?
False
Does 79 divide 746787?
True
Does 3 divide 56760?
True
Does 254 divide 1731960?
False
Is 18 a factor of 614477?
False
Is 171404 a multiple of 17?
False
Is 622656 a multiple of 276?
True
Is 90 a factor of 45360?
True
Does 20 divide 342808?
False
Is 6974151 a multiple of 947?
False
Is 30305 a multiple of 11?
True
Does 68 divide 2116840?
True
Does 27 divide 241488?
True
Does 10 divide 67418?
False
Does 22 divide 251680?
True
Is 1094292 a multiple of 6?
True
Is 1263680 a multiple of 55?
True
Is 6 a factor of 8022?
True
Does 159 divide 2329827?
True
Does 103 divide 535161?
False
Is 251 a factor of 353910?
True
Is 359591 a multiple of 5?
False
Does 1821 divide 1272371?
False
Is 16 a factor of 337173?
False
Is 6 a factor of 787953?
False
Is 500873 a multiple of 76?
False
Is 282 a factor of 10062?
False
Is 13 a factor of 89736?
False
Is 195 a factor of 652080?
True
Is 111 a factor of 4985906?
False
Is 35 a factor of 3578414?
False
Is 13156151 a multiple of 427?
False
Does 330 divide 8721570?
True
Does 58 divide 426764?
True
Is 6664560 a multiple of 280?
True
Does 593 divide 941527?
False
Does 21 divide 8349?
False
Is 26984790 a multiple of 2205?
True
Is 852312 a multiple of 34?
True
Is 181472 a multiple of 106?
True
Does 151 divide 421971?
False
Is 826015 a multiple of 45?
False
Does 41 divide 185716?
False
Is 500816 a multiple of 8?
True
Is 25 a factor of 10974575?
True
Is 1279 a factor of 2519630?
True
Is 432188 a multiple of 51?
False
Is 94 a factor of 22278?
True
Is 272 a factor of 22099456?
True
Does 41 divide 36121?
True
Is 16 a factor of 1599190?
False
Does 8 divide 235977?
False
Does 80 divide 1086163?
False
Is 1579226 a multiple of 22?
True
Is 16 a factor of 849952?
True
Does 177 divide 4233894?
False
Is 2 a factor of 1809420?
True
Does 582 divide 3990774?
True
Is 5802976 a multiple of 41?
True
Is 16 a factor of 1091805?
False
Is 12804 a multiple of 2?
True
Does 19 divide 11871?
False
Is 377731 a multiple of 1019?
False
Is 90016 a multiple of 16?
True
Is 3511904 a multiple of 44?
True
Does 808 divide 976937?
False
Is 27 a factor of 64861?
False
Does 5 divide 245767?
False
Does 22 divide 356159?
False
Is 18050 a multiple of 50?
True
Is 109213 a multiple of 213?
False
Is 316363 a multiple of 3?
False
Is 100 a factor of 2304871?
False
Does 191 divide 6999386?
True
Is 16 a factor of 128992?
True
Is 13094 a multiple of 166?
False
Does 297 divide 1884168?
True
Is 45300 a multiple of 25?
True
Is 16542 a multiple of 9?
True
Is 60538 a multiple of 2?
True
Is 843400 a multiple of 11?
False
Does 256 divide 949475?
False
Does 30 divide 171679?
False
Does 3 divide 3656884?
False
Is 1628043 a multiple of 47?
False
Is 992630 a multiple of 170?
True
Does 63 divide 910901?
False
Does 46 divide 257380?
False
Is 16 a factor of 4497968?
True
Is 208 a factor of 1086384?
True
Is 633 a factor of 6860536?
False
Does 170 divide 90100?
True
Is 4 a factor of 537544?
True
Is 177306 a multiple of 87?
True
Does 14 divide 357174?
False
Is 191048 a multiple of 668?
True
Is 2683078 a multiple of 1421?
False
Does 28 divide 28649503?
False
Is 71967 a multiple of 23?
True
Is 242100 a multiple of 25?
True
Is 10703797 a multiple of 9?
False
Does 27 divide 496611?
True
Is 122 a factor of 1810333?
False
Is 1274758 a multiple of 69?
False
Is 30 a factor of 188070?
True
Does 32 divide 39735?
False
Is 45 a factor of 441301?
False
Is 161784 a multiple of 9?
True
Does 53 divide 17333739?
False
Does 173 divide 42525?
False
Is 230 a factor of 8333239?
False